{"id":1292,"date":"2018-10-25T15:26:09","date_gmt":"2018-10-25T15:26:09","guid":{"rendered":"http:\/\/wordpress-89239-751427.cloudwaysapps.com\/?page_id=1292"},"modified":"2023-02-14T17:35:51","modified_gmt":"2023-02-14T17:35:51","slug":"about","status":"publish","type":"page","link":"https:\/\/setecidadeslakecabin.com\/pt\/about\/","title":{"rendered":"Sobre n\u00f3s"},"content":{"rendered":"<p>[vc_row][vc_column width=&#8221;1\/2&#8243;]<div style=\"clear:both; width:100%; height:50px\"><\/div>\t\t<div class=\"homey-module module-title section-title-module text-left \">\r\n\t\t\t<h2 >SETE CIDADES<\/h2>\r\n\r\n\t\t\t<p  class=\"sub-heading\"><\/p>\r\n\t\t<\/div>\r\n\t\t[vc_column_text]<\/p>\n<p class=\"western\" align=\"JUSTIFY\">Sete Cidades\u00a0\u00e9 uma\u00a0freguesia\u00a0portuguesa\u00a0do Concelho de\u00a0Ponta Delgada, Regi\u00e3o Aut\u00f3noma dos A\u00e7ores, com 19,22\u00a0km\u00b2 de \u00e1rea, que conta com uma popula\u00e7\u00e3o de cerca de 800 habitantes (censos 2011), conhecidos pela sua hospitalidade e bem receber que atrai cada vez mais turistas.<\/p>\n<p class=\"western\" align=\"JUSTIFY\">Localiza-se a uma latitude 37.87 norte e a uma longitude 25.78 oeste, estando a cerca de 260 metros de altitude no interior da caldeira do vulc\u00e3o das Sete Cidades, na margem oriental da lagoa do mesmo nome.<\/p>\n<p class=\"western\" align=\"JUSTIFY\">O nome da freguesia tem ra\u00edzes nas lend\u00e1rias\u00a0Sete Cidades\u00a0do Atl\u00e2ntico. Apesar da inexist\u00eancia de contactos comprovados com a designada \u201cilha das Sete Cidades\u201d, a cren\u00e7a na sua exist\u00eancia deu origem a uma das lendas mais divulgadas da Idade M\u00e9dia europeia, existindo m\u00faltiplos relatos de registos visuais fortuitos e de expedi\u00e7\u00f5es organizadas para o seu achamento.<\/p>\n<p class=\"western\" align=\"JUSTIFY\">Situada na parte plana da margem da Lagoa Azul, a freguesia conserva casas tradicionais, algumas ainda com os graneis de p\u00e9s altos.<\/p>\n<p class=\"western\" align=\"JUSTIFY\">Em termos arquitet\u00f3nicos, destacam-se a\u00a0Igreja de S\u00e3o Nicolau, em\u00a0estilo neog\u00f3tico, inaugurada em\u00a01852, a casa dos herdeiros de Caetano de Andrade, e o t\u00fanel de descarga da lagoa, inaugurado em\u00a01937.<\/p>\n<p class=\"western\" align=\"JUSTIFY\">A Lagoa das Sete Cidades localiza-se no topo da caldeira das Sete Cidades, formada por colapsos sucessivos de pedras e pedregulhos, com uma \u00e1rea de aproximadamente 4,3 km, profundidade m\u00e1xima de 29 metros. Constitui uma das maiores caldeiras de abatimento do mundo. Insere-se numa \u00e1rea de montanha de relevo bastante acentuado, com fal\u00e9sias interiores, profundas ravinas e almas, e sulcos em cujos leitos correm \u00e1guas. A zona inclui uma \u00e1rea urbana, terrenos agr\u00edcolas e maci\u00e7os florestais de produ\u00e7\u00e3o de criptom\u00e9ria.<\/p>\n<p>[\/vc_column_text][\/vc_column][vc_column width=&#8221;1\/2&#8243;]<div style=\"clear:both; width:100%; height:100px\"><\/div>[vc_single_image image=&#8221;2767&#8243; img_size=&#8221;500&#215;500&#8243;][\/vc_column][\/vc_row][vc_row][vc_column width=&#8221;1\/2&#8243;]<div style=\"clear:both; width:100%; height:50px\"><\/div>\t\t<div class=\"homey-module module-title section-title-module text-left \">\r\n\t\t\t<h2 >A SETE CIDADES LAKE CABIN<\/h2>\r\n\r\n\t\t\t<p  class=\"sub-heading\"><\/p>\r\n\t\t<\/div>\r\n\t\t[vc_column_text]<\/p>\n<p class=\"western\" align=\"JUSTIFY\">O novo Sete Cidades Lake Cabin, inaugurado a 15 de agosto de 2022, surgiu da nossa vontade, Jo\u00e3o (41 anos) e Maria Jo\u00e3o (39) de estar em constante viv\u00eancia de viagem. Enquanto casal j\u00e1 viajamos para muitos de destinos que nos marcaram: Fran\u00e7a, It\u00e1lia, Mo\u00e7ambique, M\u00e9xico, Argentina e Brasil, Mal\u00e1sia, Tail\u00e2ndia, Vietnam e Indon\u00e9sia, China e Jap\u00e3o s\u00e3o apenas alguns deles.<\/p>\n<p class=\"western\" align=\"JUSTIFY\">Na verdade, a nossa viagem come\u00e7a no ano 2000, quando nos conhecemos, nascidos na Ilha de S\u00e3o Miguel, nos A\u00e7ores, vivemos parte da nossa hist\u00f3ria na cidade de Lisboa, onde permanecemos at\u00e9 concluir o curso de Direito, tendo depois regressado \u00e0 Ilha para exercer advocacia e, finalmente casar, corria o ano de 2015.<\/p>\n<p class=\"western\" align=\"JUSTIFY\">A ideia para este projeto surgiu em 2017, e demorou cerca de cinco anos at\u00e9 estar conclu\u00eddo, pois investimos muito do nosso tempo na fase de conce\u00e7\u00e3o do projeto, na fase de execu\u00e7\u00e3o da obra e tamb\u00e9m na fase final de acabamentos e decora\u00e7\u00e3o, pelo que os primeiros h\u00f3spedes chegaram a 15 de agosto de 2022.<\/p>\n<p class=\"western\" align=\"JUSTIFY\">Durante a sua cria\u00e7\u00e3o trouxemos muitas das coisas que aprendemos nas nossas viagens, porque as viagens s\u00e3o um pequeno v\u00edcio, e quando n\u00e3o as podemos fazer tentamos estar pr\u00f3ximos dessa realidade.<\/p>\n<p class=\"western\" align=\"JUSTIFY\">O Sete Cidades Lake Cabin tem como pano de fundo a deslumbrante lagoa das Sete Cidades, uma das sete maravilhas naturais de Portugal. O Sete Cidades Lake Cabin tem uma arquitetura muito pr\u00f3pria. N\u00f3s junt\u00e1mos isso \u00e0 modernidade. \u00c9 uma moradia completamente equipada, com dois quartos, vistas diretas e deslumbrantes para a lagoa, cozinha em espa\u00e7o aberto para a sala de jantar e de estar, apetrechada com sistema de climatiza\u00e7\u00e3o e salamandra, janelas panor\u00e2micas para o jardim e natureza circundante, permitindo o gozo das 4 esta\u00e7\u00f5es do ano.<\/p>\n<p class=\"western\" align=\"JUSTIFY\">O Sete Cidade Lake Cabin \u00e9 um projeto nosso e das Sete Cidades que queremos apresentar ao mundo para que todos possam vir conhecer e disfrutar de um espa\u00e7o \u00fanico de beleza natural e de bem-estar.<\/p>\n<p>[\/vc_column_text][\/vc_column][vc_column width=&#8221;1\/2&#8243;]<div style=\"clear:both; width:100%; height:100px\"><\/div>[vc_single_image image=&#8221;2772&#8243; img_size=&#8221;500&#215;600&#8243;][\/vc_column][\/vc_row][vc_row][vc_column width=&#8221;1\/2&#8243;]<div style=\"clear:both; width:100%; height:50px\"><\/div>\t\t<div class=\"homey-module module-title section-title-module text-left \">\r\n\t\t\t<h2 >SUSTENTABILIDADE<\/h2>\r\n\r\n\t\t\t<p  class=\"sub-heading\"><\/p>\r\n\t\t<\/div>\r\n\t\t[vc_column_text]<\/p>\n<p class=\"western\" align=\"JUSTIFY\">O empreendimento foi concebido para alterar o m\u00ednimo poss\u00edvel a estrutura do terreno, de modo que a integra\u00e7\u00e3o da casa fosse a mais harmoniosa poss\u00edvel.<\/p>\n<p class=\"western\" align=\"JUSTIFY\">Na conce\u00e7\u00e3o do empreendimento foram utilizados materiais locais, nomeadamente a pedra e a madeira de criptom\u00e9ria, nos interiores e exteriores (como por exemplo, no deck exterior).<\/p>\n<p class=\"western\" align=\"JUSTIFY\">Foram utilizados materiais que permitem o isolamento t\u00e9rmico e ac\u00fastico e todas as janelas e portas de vidro do empreendimento s\u00e3o de pain\u00e9is duplos.<\/p>\n<p class=\"western\" align=\"JUSTIFY\">No jardim, introduzimos plantas locais, e preserv\u00e1mos as esp\u00e9cies inicialmente existentes.<\/p>\n<p class=\"western\" align=\"JUSTIFY\">Fazemos a separa\u00e7\u00e3o do lixo para reciclagem.<\/p>\n<p class=\"western\" align=\"JUSTIFY\">O aquecimento de \u00e1gua \u00e9 feito com recurso a bombas de calor energeticamente eficientes e o aquecimento das casas \u00e9 feito atrav\u00e9s de salamandra. Na ilumina\u00e7\u00e3o foram utilizadas l\u00e2mpadas led e algumas t\u00eam sensor de movimento (como por exemplo, na entrada da casa).<\/p>\n<p>[\/vc_column_text]<div style=\"clear:both; width:100%; height:50px\"><\/div>[\/vc_column][vc_column width=&#8221;1\/2&#8243;]<div style=\"clear:both; width:100%; height:100px\"><\/div>[vc_single_image image=&#8221;2774&#8243; img_size=&#8221;500&#215;400&#8243;][\/vc_column][\/vc_row]<\/p>","protected":false},"excerpt":{"rendered":"<p>[vc_row][vc_column width=&#8221;1\/2&#8243;][vc_column_text] Sete Cidades\u00a0\u00e9 uma\u00a0freguesia\u00a0portuguesa\u00a0do Concelho de\u00a0Ponta Delgada, Regi\u00e3o Aut\u00f3noma dos A\u00e7ores, com 19,22\u00a0km\u00b2 de \u00e1rea, que conta com uma popula\u00e7\u00e3o de cerca de 800 habitantes (censos 2011), conhecidos pela sua hospitalidade e bem receber que atrai cada vez mais turistas. Localiza-se a uma latitude 37.87 norte e a uma longitude 25.78 oeste, estando a [&hellip;]<\/p>\n","protected":false},"author":1,"featured_media":0,"parent":0,"menu_order":0,"comment_status":"closed","ping_status":"closed","template":"template\/template-homepage.php","meta":{"inline_featured_image":false},"_links":{"self":[{"href":"https:\/\/setecidadeslakecabin.com\/pt\/wp-json\/wp\/v2\/pages\/1292"}],"collection":[{"href":"https:\/\/setecidadeslakecabin.com\/pt\/wp-json\/wp\/v2\/pages"}],"about":[{"href":"https:\/\/setecidadeslakecabin.com\/pt\/wp-json\/wp\/v2\/types\/page"}],"author":[{"embeddable":true,"href":"https:\/\/setecidadeslakecabin.com\/pt\/wp-json\/wp\/v2\/users\/1"}],"replies":[{"embeddable":true,"href":"https:\/\/setecidadeslakecabin.com\/pt\/wp-json\/wp\/v2\/comments?post=1292"}],"version-history":[{"count":39,"href":"https:\/\/setecidadeslakecabin.com\/pt\/wp-json\/wp\/v2\/pages\/1292\/revisions"}],"predecessor-version":[{"id":2974,"href":"https:\/\/setecidadeslakecabin.com\/pt\/wp-json\/wp\/v2\/pages\/1292\/revisions\/2974"}],"wp:attachment":[{"href":"https:\/\/setecidadeslakecabin.com\/pt\/wp-json\/wp\/v2\/media?parent=1292"}],"curies":[{"name":"wp","href":"https:\/\/api.w.org\/{rel}","templated":true}]}}

Sobre nós

<p>[vc_row][vc_column width=&#8221;1/2&#8243;]<div style="clear:both; width:100%; height:50px"></div>		<div class="homey-module module-title section-title-module text-left ">
			<h2 >SETE CIDADES</h2>

			<p  class="sub-heading"></p>
		</div>
		[vc_column_text]</p>
<p class="western" align="JUSTIFY">Sete Cidades é uma freguesia portuguesa do Concelho de Ponta Delgada, Região Autónoma dos Açores, com 19,22 km² de área, que conta com uma população de cerca de 800 habitantes (censos 2011), conhecidos pela sua hospitalidade e bem receber que atrai cada vez mais turistas.</p>
<p class="western" align="JUSTIFY">Localiza-se a uma latitude 37.87 norte e a uma longitude 25.78 oeste, estando a cerca de 260 metros de altitude no interior da caldeira do vulcão das Sete Cidades, na margem oriental da lagoa do mesmo nome.</p>
<p class="western" align="JUSTIFY">O nome da freguesia tem raízes nas lendárias Sete Cidades do Atlântico. Apesar da inexistência de contactos comprovados com a designada “ilha das Sete Cidades”, a crença na sua existência deu origem a uma das lendas mais divulgadas da Idade Média europeia, existindo múltiplos relatos de registos visuais fortuitos e de expedições organizadas para o seu achamento.</p>
<p class="western" align="JUSTIFY">Situada na parte plana da margem da Lagoa Azul, a freguesia conserva casas tradicionais, algumas ainda com os graneis de pés altos.</p>
<p class="western" align="JUSTIFY">Em termos arquitetónicos, destacam-se a Igreja de São Nicolau, em estilo neogótico, inaugurada em 1852, a casa dos herdeiros de Caetano de Andrade, e o túnel de descarga da lagoa, inaugurado em 1937.</p>
<p class="western" align="JUSTIFY">A Lagoa das Sete Cidades localiza-se no topo da caldeira das Sete Cidades, formada por colapsos sucessivos de pedras e pedregulhos, com uma área de aproximadamente 4,3 km, profundidade máxima de 29 metros. Constitui uma das maiores caldeiras de abatimento do mundo. Insere-se numa área de montanha de relevo bastante acentuado, com falésias interiores, profundas ravinas e almas, e sulcos em cujos leitos correm águas. A zona inclui uma área urbana, terrenos agrícolas e maciços florestais de produção de criptoméria.</p>
<p>[/vc_column_text][/vc_column][vc_column width=&#8221;1/2&#8243;]<div style="clear:both; width:100%; height:100px"></div>[vc_single_image image=&#8221;2767&#8243; img_size=&#8221;500&#215;500&#8243;][/vc_column][/vc_row][vc_row][vc_column width=&#8221;1/2&#8243;]<div style="clear:both; width:100%; height:50px"></div>		<div class="homey-module module-title section-title-module text-left ">
			<h2 >A SETE CIDADES LAKE CABIN</h2>

			<p  class="sub-heading"></p>
		</div>
		[vc_column_text]</p>
<p class="western" align="JUSTIFY">O novo Sete Cidades Lake Cabin, inaugurado a 15 de agosto de 2022, surgiu da nossa vontade, João (41 anos) e Maria João (39) de estar em constante vivência de viagem. Enquanto casal já viajamos para muitos de destinos que nos marcaram: França, Itália, Moçambique, México, Argentina e Brasil, Malásia, Tailândia, Vietnam e Indonésia, China e Japão são apenas alguns deles.</p>
<p class="western" align="JUSTIFY">Na verdade, a nossa viagem começa no ano 2000, quando nos conhecemos, nascidos na Ilha de São Miguel, nos Açores, vivemos parte da nossa história na cidade de Lisboa, onde permanecemos até concluir o curso de Direito, tendo depois regressado à Ilha para exercer advocacia e, finalmente casar, corria o ano de 2015.</p>
<p class="western" align="JUSTIFY">A ideia para este projeto surgiu em 2017, e demorou cerca de cinco anos até estar concluído, pois investimos muito do nosso tempo na fase de conceção do projeto, na fase de execução da obra e também na fase final de acabamentos e decoração, pelo que os primeiros hóspedes chegaram a 15 de agosto de 2022.</p>
<p class="western" align="JUSTIFY">Durante a sua criação trouxemos muitas das coisas que aprendemos nas nossas viagens, porque as viagens são um pequeno vício, e quando não as podemos fazer tentamos estar próximos dessa realidade.</p>
<p class="western" align="JUSTIFY">O Sete Cidades Lake Cabin tem como pano de fundo a deslumbrante lagoa das Sete Cidades, uma das sete maravilhas naturais de Portugal. O Sete Cidades Lake Cabin tem uma arquitetura muito própria. Nós juntámos isso à modernidade. É uma moradia completamente equipada, com dois quartos, vistas diretas e deslumbrantes para a lagoa, cozinha em espaço aberto para a sala de jantar e de estar, apetrechada com sistema de climatização e salamandra, janelas panorâmicas para o jardim e natureza circundante, permitindo o gozo das 4 estações do ano.</p>
<p class="western" align="JUSTIFY">O Sete Cidade Lake Cabin é um projeto nosso e das Sete Cidades que queremos apresentar ao mundo para que todos possam vir conhecer e disfrutar de um espaço único de beleza natural e de bem-estar.</p>
<p>[/vc_column_text][/vc_column][vc_column width=&#8221;1/2&#8243;]<div style="clear:both; width:100%; height:100px"></div>[vc_single_image image=&#8221;2772&#8243; img_size=&#8221;500&#215;600&#8243;][/vc_column][/vc_row][vc_row][vc_column width=&#8221;1/2&#8243;]<div style="clear:both; width:100%; height:50px"></div>		<div class="homey-module module-title section-title-module text-left ">
			<h2 >SUSTENTABILIDADE</h2>

			<p  class="sub-heading"></p>
		</div>
		[vc_column_text]</p>
<p class="western" align="JUSTIFY">O empreendimento foi concebido para alterar o mínimo possível a estrutura do terreno, de modo que a integração da casa fosse a mais harmoniosa possível.</p>
<p class="western" align="JUSTIFY">Na conceção do empreendimento foram utilizados materiais locais, nomeadamente a pedra e a madeira de criptoméria, nos interiores e exteriores (como por exemplo, no deck exterior).</p>
<p class="western" align="JUSTIFY">Foram utilizados materiais que permitem o isolamento térmico e acústico e todas as janelas e portas de vidro do empreendimento são de painéis duplos.</p>
<p class="western" align="JUSTIFY">No jardim, introduzimos plantas locais, e preservámos as espécies inicialmente existentes.</p>
<p class="western" align="JUSTIFY">Fazemos a separação do lixo para reciclagem.</p>
<p class="western" align="JUSTIFY">O aquecimento de água é feito com recurso a bombas de calor energeticamente eficientes e o aquecimento das casas é feito através de salamandra. Na iluminação foram utilizadas lâmpadas led e algumas têm sensor de movimento (como por exemplo, na entrada da casa).</p>
<p>[/vc_column_text]<div style="clear:both; width:100%; height:50px"></div>[/vc_column][vc_column width=&#8221;1/2&#8243;]<div style="clear:both; width:100%; height:100px"></div>[vc_single_image image=&#8221;2774&#8243; img_size=&#8221;500&#215;400&#8243;][/vc_column][/vc_row]</p>

<p>[vc_row][vc_column width=&#8221;1/2&#8243;][vc_column_text] Sete Cidades é uma freguesia portuguesa do Concelho de Ponta Delgada, Região Autónoma dos Açores, com 19,22 km² de área, que conta com uma população de cerca de 800 habitantes (censos 2011), conhecidos pela sua hospitalidade e bem receber que atrai cada vez mais turistas. Localiza-se a uma latitude 37.87 norte e a uma longitude 25.78 oeste, estando a [&hellip;]</p>
